 4/(-16). Is n(z) a prime number?
False
Suppose -f + p = -0*f - 364, 4*f - 2*p = 1466. Suppose -5*y = 4*g + 22 - 423, -4*g - f = -5*y. Is y composite?
True
Let g(u) = -46*u + 1. Is g(-2) composite?
True
Let j(m) = -44*m. Let o be j(1). Let d = o - -65. Is d a composite number?
True
Let t(a) = -4*a + 16. Let v be t(-8). Let j = v + 5. Is j prime?
True
Let h be (8/5)/(8/20). Suppose 0*z + 3*z = 2*g + 105, -99 = -3*z + h*g. Is z composite?
False
Suppose -4*o - 4935 = -3*u, -4950 = -3*u - 3*o + 2*o. Is u composite?
True
Let a(x) = 89*x + 2. Let v = 922 - 1545. Let q(k) = 27679*k + 623. Let i(f) = v*a(f) + 2*q(f). Is i(-1) a prime number?
True
Suppose q + q = 158. Is q composite?
False
Let i(q) = 30*q**3 - 2*q**2 + q - 1. Is i(2) prime?
True
Suppose 2*q + q + d - 10 = 0, q = -4*d + 18. Suppose 172 = 6*b - q*b. Is b composite?
False
Let v = 2 - -2. Let u = v + 0. Suppose u*o - 28 = 4*i - 132, 3*o - 10 = -i. Is i a prime number?
False
Suppose v + 2*o = 155, -5*o + 320 = 2*v - 6*o. Is v composite?
True
Let k(g) = 20*g**3 - 4*g**2 + 1. Suppose -5*d + 8*u + 15 = 3*u, 0 = -2*d + 4*u + 6. Is k(d) a prime number?
False
Let s = -1 + 2. Let w = 2 + s. Suppose -w*b - 40 = -2*y, -34 = -y - 4*b + 2*b. Is y composite?
True
Let s = 11 - 11. Suppose 0 = -2*a - s*a + 6. Is a composite?
False
Suppose -2*l - 44 = -6*l. Let h(i) = 7*i**2 - 14*i - 14. Is h(l) a prime number?
False
Let q(j) = -j**3 - 14*j**2 - 19*j + 1. Is q(-13) a composite number?
False
Let r(p) = 3*p**3 + 5*p - 4*p**3 - 3*p**3 + 2 - 3*p**2 + 5*p**3. Suppose -3*w + 18 - 5 = -l, -5*l + 30 = 4*w. Is r(w) prime?
False
Suppose 0 = 2*j - 0*j + 20. Is 18/j*10/(-3) a prime number?
False
Let h be (-2 - -390) + 0/2. Let k = h + -32. Suppose 4*f + 0*f = k. Is f a prime number?
True
Let j = -13 - -26. Suppose 5*h = j + 42. Is h a prime number?
True
Suppose -3*g + 10 = -5*g. Let t = 53 - g. Is t composite?
True
Suppose -5 = -3*i - 2*i. Let o = i - 0. Is o + -3 - (-16 + 0) a prime number?
False
Is 2 + -1 - 1 - -635 a composite number?
True
Let i(j) = -j**3 + 7*j**2 - 2*j - 2. Let g be i(8). Let h = -27 - g. Is h a composite number?
True
Let x(p) = -106*p**2 + p. Let f be x(-1). Let t = 166 + f. Is t composite?
False
Let o = 16 - 21. Let j(g) = -17*g + 4. Let y(l) = -69*l + 16. Let i(w) = 9*j(w) - 2*y(w). Is i(o) a prime number?
True
Let c(v) = -3*v - 11. Let d be c(-8). Let q = d - 6. Is q composite?
False
Let v(w) = w**3 + 12*w**2 + 6*w - 2*w**3 + 11 + 2*w**3 + 4*w. Is v(-11) a prime number?
False
Suppose 0 = r - 5*r - 4. Let j = r + 22. Is j prime?
False
Let p be 1/(-3) - (-91)/21. Let m(i) = 6*i**2 - 4*i + 5 + 0*i**3 - i**3 - 2*i. Is m(p) a prime number?
True
Let q = 404 + -277. Is q prime?
True
Let p(j) = 2*j. Let f be p(1). Let d(r) = -r**2 - 9*r - 5. Let y be d(-8). Suppose b + 2*u + y*u - 32 = 0, -f*u + 17 = b. Is b a composite number?
False
Let p(t) be the third derivative of -t**5/60 - 5*t**4/12 + t**3/3 - t**2. Suppose 0*a - 5*k + 3 = -3*a, 4*a - 3*k = -15. Is p(a) composite?
True
Is 41274/10 - 36/90 a composite number?
False
Let x be 4/2 - 12/(-6). Suppose 0 = -x*c - c + 20, 5*y - 2*c - 427 = 0. Is y prime?
False
Suppose -5*u = -8*u + 9. Suppose 2*z - 6*z - u*a = -2225, -2789 = -5*z + 4*a. Is z composite?
False
Let q(s) = -6 + 0 + s**3 + 2 + 8*s + 3 - 9*s**2. Let y be q(8). Is (-31 + 0/(-1))/y a composite number?
False
Suppose -3*c - 3 = -4*c. Suppose -c*z = -z - 10. Suppose z*m - 3*m - 38 = 0. Is m a prime number?
True
Let m(w) be the third derivative of 7*w**5/5 - w**4/12 + w**3/6 - 7*w**2. Is m(1) prime?
True
Is 310*(0 - 3/(-6)) composite?
True
Suppose g - 4*g = -6. Let u(r) = -r**3 - 4*r**2 + 5*r + 9. Let o be u(-6). Suppose 0 = -g*k + k + o. Is k a prime number?
False
Let g = -13 + 22. Suppose 2*x + g = -x. Let u = 13 + x. Is u a composite number?
True
Suppose 2*a + 3*t = 308, 0 = -2*a + 5*a - 3*t - 477. Is a prime?
True
Suppose 3*l = -0*l. Suppose l*o = 4*o - 16. Is (-1)/(-2) - (-26)/o prime?
True
Let r(h) = -6*h + 10. Let z be r(10). Let x = z - -96. Suppose -x = -0*m - m. Is m prime?
False
Suppose l + u - 4*u - 104 = 0, 5*u = 3*l - 300. Suppose -4*n = n - l. Is n prime?
True
Let q = 224 + -129. Is q prime?
False
Let u = -5 + 13. Suppose -s + 3*s = u. Suppose 3*o + 16 = 5*a - 64, s*o = 20. Is a prime?
True
Suppose 2*v + 8 = -2*s, 11 = -5*v - 0*s - 2*s. Let d(j) = -269*j - 2. Is d(v) composite?
True
Let i(j) = 21 - 2*j + 6*j + 7*j**2 - 6*j**2. Is i(-14) a prime number?
False
Let d = 5 + -2. Suppose 5*k - 2*q - 263 = -0*q, d*q + 156 = 3*k. Is k a composite number?
False
Let p = 7 - 3. Let s(b) = 2*b**3 + 4*b**2 + b - 5. Is s(p) composite?
False
Let m(c) = -24*c**2 + 3*c + 4. Let g be m(3). Let l be (13 - -8)/(6/104). Let b = g + l. Is b a prime number?
False
Is ((-3)/(-4))/(4/1136) a prime number?
False
Suppose -x - 2*u = -1665, -6*x + 3*u + 3302 = -4*x. Is x prime?
True
Suppose 8944 = 3*m + 1657. Is m composite?
True
Let i(u) = -10*u**2 + 51*u**2 + 21*u**2. Let h be i(-2). Suppose -n = 3*n - h. Is n a composite number?
True
Suppose -3*b + 9 = 0, -4*w + b = -b + 22. Is (-1 + -2)*(w - 1) composite?
True
Let k(v) = 4*v**2 + v + 8. Is k(-13) a prime number?
False
Suppose 3*c - 159 = 627. Is c prime?
False
Let t(s) = 7*s + 1. Let o be 115/35 + (-2)/7. Is t(o) prime?
False
Suppose 44 = 5*d + 9. Is d a composite number?
False
Suppose 0 = z - 10 - 5. Let j = z - -4. Is j a prime number?
True
Suppose -a = -2*i + 13, a = 5*i + 5*a. Let h be (0/2)/(i/2). Suppose s - 6*s + 235 = h. Is s composite?
False
Suppose 4*m - 373 = -65. Is m a prime number?
False
Let k = 6836 - 4263. Is k composite?
True
Let j be (-2)/4 + (-1)/2. Let q(w) = 3*w**3 + 2*w**2 + 2*w + 1. Let p be q(j). Is ((-106)/(-8))/(p/(-8)) prime?
True
Let m(c) = c**3 + 5*c**2 + c + 5. Let a be m(-3). Is -886*(a/(-8))/5 a composite number?
False
Let h be (-6)/(2/(-68)*3). Let f = -62 + 31. Let v = h + f. Is v prime?
True
Let r(g) = -g**2 + 6*g + 9. Let p be r(7). Is p + (-4 - -5) + 94 a composite number?
False
Is ((-344)/(-12) + -4)*3 prime?
False
Suppose 3*n + 6 = 0, 0 = 5*c - c - n + 6. Is 89/((2 + -4)/c) a composite number?
False
Let g(u) = u**3 - 5*u**2 + 2. Let x be g(5). Let b(q) = -6*q + 4 - 2*q**x - 1 + 4*q**2. Is b(4) a prime number?
True
Let f = 328 - 196. Suppose 0 = 4*s + 4*l - f, 4*s - s - 131 = 5*l. Is s a prime number?
True
Suppose h - k = -84 + 312, -213 = -h - 2*k. Is h composite?
False
Let b = -126 - -577. Is b a composite number?
True
Let y(z) = -z + 13. Let c be y(0). Let n = 47 - c. Is n a composite number?
True
Suppose x = 2*s - s - 66, -s = 3*x - 62. Is s prime?
False
Let q = 986 - 693. Is q a prime number?
True
Let y be 2/(-2 + 15/6). Let p be y*1*10/8. Suppose n - 2*n = 4*s - 37, -117 = -p*n - 3*s. Is n a prime number?
False
Let v be ((-27)/4)/(5/(-20)). Let o = 16 - v. Let i = o - -18. Is i a composite number?
False
Let o(c) = -c**2 + c + 1. Let v(w) = -w**2 + 4*w + 3. Let u(s) = -4*o(s) + v(s). Let z be u(-1). Is ((-198)/3)/z*-1 a prime number?
False
Suppose 2*d + 4*y + y - 24 = 0, 0 = -y + 4. Suppose 0 = -5*r + 5*q - d*q + 263, 228 = 4*r + 2*q. Is r prime?
False
Let h = 848 - 550. Let k = h - 87. Is k a prime number?
True
Is (-6)/(-8) - (-1001)/4 prime?
True
Suppose -4*r = -0*r - 16. Suppose 2*f = 10, 0 = -r*a - f - 57 - 102. Let p = 60 + a. Is p a prime number?
True
Let j(b) = -2*b**3 - 5*b**2 - b + 7. Let h(d) = d**3 + 5*d**2 + 2*d - 7. Suppose 4*a + 10 = -a. Let l(m) = a*j(m) - 3*h(m). Is l(6) a prime number?
True
Is -2*(2 + (-766)/4) a prime number?
True
Is ((-215)/2)/(2/(-4)) a prime number?
False
Suppose -4*n + 2*p + 138 = -162, n = 3*p + 70. Suppose n = -b + 3*b. Is b composite?
True
Let m be 489/(-4) + (-2)/(-8). Is 2 - 9/6*m a composite number?
True
Suppose -1 = 3*q - 4. Let z be (q - 1)/(1 - 2). Suppose 0 = 5*r - z*r, -4*p + 892 = 3*r. Is p a prime number?
True
Let c(z) = 118*z + 27. Is c(10) prime?
False
Let l(x) = -85*x - 2. Is l(-1) a composite number?
False
Let h = -9 - -11. Let t(i) be the third derivative of i**6/40 - i**5/15 + i**4/8 - i**3/6 + 2*i**2. Is t(h) prime?
True
Let u(g) = 29*g**2 - 7. Is u(-4) a prime number?
True
Suppose -5*n - 6 = 9. Let c(t) be the first derivative of -5*t**2 + 3*t + 1. Is c(n) a prime number?
False
Let d(b) = 3*b**2 - 3*b + 5. Let j be d(5). Suppose 4*h + j = -167. Let y